{"id":12,"date":"2011-02-25T19:05:34","date_gmt":"2011-02-25T19:05:34","guid":{"rendered":"http:\/\/schulzki-haddouti.de\/?page_id=12"},"modified":"2023-04-01T12:57:31","modified_gmt":"2023-04-01T12:57:31","slug":"projekte","status":"publish","type":"page","link":"https:\/\/schulzki-haddouti.de\/?page_id=12","title":{"rendered":"Projekte"},"content":{"rendered":"\n<p><strong>Riffreporter<\/strong><\/p>\n\n\n\n<p>Mitglied seit 2017, Gr\u00fcndung der Riff-Themenmagazine <a href=\"https:\/\/www.riffreporter.de\/de\/magazine\/klimaschutz-social\">KlimaSocial<\/a>, <a href=\"https:\/\/www.riffreporter.de\/de\/magazine\/klima-wandeln-nachhaltige-wege-aus-der-klimakrise\">Klima wandeln<\/a>, <a href=\"https:\/\/www.riffreporter.de\/de\/magazine\/zeit-leben-natur-stress-nachhaltigkeit-freizeit-bewegung-entspannung\">das sch\u00f6ne Leben<\/a> und <a href=\"https:\/\/www.riffreporter.de\/de\/magazine\/digital-transformation-digitalisierung\">digital<\/a>.<\/p>\n\n\n<p><strong>Medienethik<\/strong><\/p>\n<p>2000 bis 2011 Juryt\u00e4tigkeit f\u00fcr die <a href=\"http:\/\/www.derblindefleck.de\/\">Initiative Nachrichtenaufkl\u00e4rung<\/a> (INA)<\/p>\n<p>2005 bis 2007 Koordination der INA-Recherche-Seminare in Dortmund, Bonn, Darmstadt;<\/p>\n<p>2002 bis 2005 Leitung von INA-Recherche-Seminaren am Institut f\u00fcr Journalistik der Technischen Universit\u00e4t Dortmund, 2005 bis 2007 sowie 2009 Recherche-Seminar am Institut f\u00fcr Kommunikationswissenschaften der Universit\u00e4t Bonn,<\/p>\n<p>2007: Tagungsorganisation\u00a0<a style=\"font-size: revert;\" href=\"http:\/\/whistleblower-net.de\/pdf\/TagungBonn20070607.pdf\">\u201cWhistleblower und Journalisten\u201d<\/a><span style=\"font-size: revert;\"> f\u00fcr die INA sowie das Whistleblower-Netzwerk<\/span><\/p>\n<p><strong>Analyseprojekte<\/strong><\/p>\n<p>Christiane Schulzki-Haddouti (2010):\u00a0Markt- und Wettbewerbsanalyse \u201eAkademische Journalistenausbildung auf Masterebene im deutschsprachigen Raum\u201c im Auftrag des Fachbereichs Media an der Hochschule Darmstadt<\/p>\n<p>10\/2009 Erstellung der Analyse \u201c<a href=\"http:\/\/www.mediendisput.de\/downloads\/Begrenzter%20Journalismus.pdf\">Begrenzter Journalismus. Was beeinflusst die Entfaltung eines Qualit\u00e4tsjournalismus<\/a> \u201d (PDF)\u00a0 im Auftrag von Prof. Geribert Jakob im Rahmen der Forschungsgruppe Medien am Fachbereich Media der Hochschule Darmstadt f\u00fcr den\u00a0<a href=\"http:\/\/www.mediendisput.de\/\">14. Mainzer Mediendisput<\/a><\/p>\n<p>9\/2008 \u2013 2\/2009 Researcher f\u00fcr Pol-Di e.V., Berlin. Projekt: \u201cDigitale Pioniere. Soziale Innovationen in Neuen Medien\u201d f\u00fcr Analyse f\u00fcr die Innovations- und Technikanalyse (ITA)\u00a0 im Bundesministerium f\u00fcr Bildung und Forschung (BMBF)<\/p>\n<p>2\/2007 \u2013 5\/2008 , wissenschaftliche Mitarbeiterin an der Hochschule Darmstadt, Fachbereich Media; Projekt \u201c<a href=\"http:\/\/www.cio.bund.de\/SharedDocs\/Publikationen\/DE\/E-Government\/plugin_studie_kooperative_technologien_download.pdf?__blob=publicationFile\">Kooperative Technologien<\/a> in Arbeit, Ausbildung und Zivilgesellschaft\u201d,\u00a0 Analyse f\u00fcr die Innovations- und Technikanalyse (ITA)\u00a0 im Bundesministerium f\u00fcr Bildung und Forschung (BMBF);\u00a0<a href=\"http:\/\/www.cio.bund.de\/SharedDocs\/Publikationen\/DE\/E-Government\/plugin_studie_kooperative_technologien_download.pdf?__blob=publicationFile\">Studie<\/a>,\u00a0<a href=\"http:\/\/blog.kooptech.de\/\">Blog<\/a>,\u00a0<a href=\"http:\/\/del.icio.us\/kooptech\">Del.icio.us<\/a><\/p>\n<p><strong>Desk Research<\/strong><\/p>\n<p>2007 Autorin der\u00a0Z_trenddatenbank, Z-Punkt \u2013 The Forecast Company, Essen<\/p>\n<p>2006 Mitarbeit an einer Brosch\u00fcre \u00fcber \u201cNotebooks im Unterricht\u201d bzw. \u201cMobiles Lernen\u201d f\u00fcr\u00a0Schulen ans Netz e.V.<\/p>\n<p>2006 Researcher f\u00fcr \u201cGroup Marketing, User Experience\u201d des Mobilfunkunternehmens Vodafone<\/p>\n<p>2006-2008 Autorin diverser Hintergrundpapiere f\u00fcr Erika Mann, MdEP (SPD), im Bereich Medienpolitik, Telekommunikation und Innovationsmanagement<\/p>\n<p>2005-2008 verschiedene Auftragsarbeiten rund um das Thema Innovationsmanagement f\u00fcr den BMBF-Projekttr\u00e4ger\u00a0VDI\/VDE-IT<\/p>\n<p><strong>Netzprojekte<\/strong><\/p>\n<p>2003 Konzeption, Ablauforganisation und Moderation von Online-Expertenpanels f\u00fcr die Bundeszentrale f\u00fcr politische Bildung (Debattendokumentation: <a href=\"https:\/\/www.ssoar.info\/ssoar\/bitstream\/handle\/document\/21848\/ssoar-2003-szukala-krieg_im_irak_-_krieg.pdf?sequence=1\">PDF<\/a>)<\/p>\n<p>2000 Konzeption, Organisation und Moderation eines Experten-Diskussionspanels zum Thema \u201cE-Demokratie\u201d f\u00fcr das Internetportal der ZEIT, vom 13. bis 27. April 2000<\/p>\n<p>1997 Erlebte Geschichte: Kollaboratives \u201cGeschichte von unten\u201d-Projekt<\/p>\n<p>1996-2002\u00a0<a href=\"http:\/\/www.neu-pr.de\/news\/07_01.html\">Cybertagebuch<\/a>: Internettageb\u00fccher bzw. pr\u00e4historisches Gruppenblog f\u00fcr Kinder und Jugendliche; 1996 gegr\u00fcndet, seit 2002 von <em>Aktion Mensch<\/em> betreut. Aus Gr\u00fcnden des Jugendschutzes wurde es 2002 mit einem Anmeldeschutz versehen. Zahlreiche f\u00fchrende Fernseh- und Printredaktionen hatten vor allem unter chronischen Krankheiten leidende Jugendliche kontaktiert. Unter diesem Schutzschirm verschwand es aus den Augen der \u00d6ffentlichkeit. Im Zuge der aufkommenden Blogs und Social Networks spielte es eine zunehmend geringere Rolle und wurde dann abgeschaltet.<\/p>\n<p><strong>Prosa<\/strong><\/p>\n<p><a href=\"http:\/\/schulzki-haddouti.de\/?page_id=308\">Amerikafahrt<\/a>, 1991<\/p>\n<p><a href=\"http:\/\/schulzki-haddouti.de\/?p=137\">Ein Wochenende dr\u00fcben<\/a>, 1990<\/p>\n\n\n<p><\/p>\n\n\n\n<p><\/p>\n","protected":false},"excerpt":{"rendered":"<p>Riffreporter Mitglied seit 2017, Gr\u00fcndung der Riff-Themenmagazine KlimaSocial, Klima wandeln, das sch\u00f6ne Leben und digital. Medienethik 2000 bis 2011 Juryt\u00e4tigkeit f\u00fcr die Initiative Nachrichtenaufkl\u00e4rung (INA) 2005 bis 2007 Koordination der INA-Recherche-Seminare in Dortmund, Bonn, Darmstadt; 2002 bis 2005 Leitung von INA-Recherche-Seminaren am Institut f\u00fcr Journalistik der Technischen Universit\u00e4t Dortmund, 2005 bis 2007 sowie 2009 Recherche-Seminar &hellip; <a href=\"https:\/\/schulzki-haddouti.de\/?page_id=12\" class=\"more-link\"><span class=\"screen-reader-text\">Projekte<\/span> weiterlesen <span class=\"meta-nav\">&rarr;<\/span><\/a><\/p>\n","protected":false},"author":1,"featured_media":0,"parent":0,"menu_order":0,"comment_status":"closed","ping_status":"closed","template":"","meta":[],"_links":{"self":[{"href":"https:\/\/schulzki-haddouti.de\/index.php?rest_route=\/wp\/v2\/pages\/12"}],"collection":[{"href":"https:\/\/schulzki-haddouti.de\/index.php?rest_route=\/wp\/v2\/pages"}],"about":[{"href":"https:\/\/schulzki-haddouti.de\/index.php?rest_route=\/wp\/v2\/types\/page"}],"author":[{"embeddable":true,"href":"https:\/\/schulzki-haddouti.de\/index.php?rest_route=\/wp\/v2\/users\/1"}],"replies":[{"embeddable":true,"href":"https:\/\/schulzki-haddouti.de\/index.php?rest_route=%2Fwp%2Fv2%2Fcomments&post=12"}],"version-history":[{"count":29,"href":"https:\/\/schulzki-haddouti.de\/index.php?rest_route=\/wp\/v2\/pages\/12\/revisions"}],"predecessor-version":[{"id":1266,"href":"https:\/\/schulzki-haddouti.de\/index.php?rest_route=\/wp\/v2\/pages\/12\/revisions\/1266"}],"wp:attachment":[{"href":"https:\/\/schulzki-haddouti.de\/index.php?rest_route=%2Fwp%2Fv2%2Fmedia&parent=12"}],"curies":[{"name":"wp","href":"https:\/\/api.w.org\/{rel}","templated":true}]}}